 2*n - 2. What is the tens digit of d(v)?
6
Let x(b) = 3307*b**2 - 2*b + 2. Let p be x(-1). Suppose 10*d = p + 699. What is the hundreds digit of d?
4
Let q = -13816 + 58219. What is the thousands digit of q?
4
Suppose 4*p + 304 = s, -p - 34 = 2*s + 33. Let t = p + 139. Let x = 111 - t. What is the tens digit of x?
4
Let l(s) = s**3 - 7*s**2 + 9*s + 2. Suppose v + 3*d = 4, -v - 3*d - 4 = -2*v. Let i be l(v). What is the units digit of 1/(1 + i/15)?
3
Suppose 2*k - 10 = -6. Suppose -2*d = 82 - k. Let i = 47 - d. What is the units digit of i?
7
Suppose 27 = 4*u - 37. Let z = 430 - u. What is the hundreds digit of z?
4
Suppose 9341 = r - 10*a + 11*a, -9332 = -r + 2*a. What is the units digit of r?
8
Let w be 7 - (3 + 7 - 5). Suppose -5*z + 1711 = 3*f, -z + w*f - 7*f = -329. What is the hundreds digit of z?
3
Let d(r) = 4*r**3 + 5*r**2 - 5*r - 12. Let w be d(4). Suppose -2*g - 304 = -o, -5*g - 15 = -o + w. What is the hundreds digit of o?
2
Let z(m) = m - 8. Let s be z(11). Let r be (-1)/3*(s + -15). What is the tens digit of 3 + 1205/15 - r/(-6)?
8
Let p(y) = -3*y - 12. Let g be p(21). Let o = -30 - g. What is the tens digit of (-2 + 5)*(o - -4)?
4
Suppose -127530 - 118014 = -8*a - 2*b, -122748 = -4*a - 4*b. What is the units digit of a?
5
Suppose 5*t - 7278 = -t. Let x = -801 + t. What is the tens digit of 2/(-1*(-8)/x)?
0
Let s = 108 + -10. Suppose -5*m + 171 = -4*g, -54*g + 95 = -57*g - m. Let y = s - g. What is the units digit of y?
2
Suppose 0 = -8*f + 54 - 118. Let d(r) = -45*r - 17. What is the hundreds digit of d(f)?
3
Let d be 2 + (-21)/12 + (-5586)/(-56). Let y = d - 55. What is the units digit of y?
5
Suppose -151*w + 522164 = -120*w. What is the ten thousands digit of w?
1
Suppose -9*r + 4 = -7*r. Suppose -r*w - 4*z - 23 = 1, -41 = 3*w + z. What is the tens digit of (w/7)/(2/(-82))?
8
Let w = 29898 - 43975. What is the units digit of (-2)/7 - w/49?
7
What is the tens digit of ((28/10)/((-4)/(-15)))/((-771)/(-65278))?
8
Suppose -51*m = -63480 - 157299. What is the thousands digit of m?
4
Let l be (68/102)/(2/5904). Suppose -393 + l = 9*f. What is the tens digit of f?
7
Let i = 29 + -27. Suppose 303 = 5*t - 2*o, 2*t - i*o = t + 67. Suppose -9*s - t = -10*s. What is the tens digit of s?
5
Suppose -5*f + 31405 = 4*c, -2*f - 397*c + 398*c + 12562 = 0. What is the tens digit of f?
8
Suppose 3*n + 3*q = 18897, 4353 = n - 3*q - 1922. What is the hundreds digit of n?
2
Let w = -1519 + 2530. Let o = w - 100. What is the units digit of o?
1
Let c = 111 + -106. Suppose 2*l = 3*t - 1143, c*l + 1517 = t + 3*t. What is the units digit of t?
3
Let c = 496 - -1905. What is the thousands digit of c?
2
Suppose 0 = 49*d - 130*d + 4952421. What is the thousands digit of d?
1
Let t be 11/((-22)/(-5188)) - 4. Suppose -14*i - 112 = -t. What is the tens digit of i?
7
Let b be (-34)/(-1) - (-5 - -12). Suppose -2576 = b*p - 35*p. What is the hundreds digit of p?
3
Let u(a) = a**3 - 6*a**2 - 13*a - 19. Let n be u(8). Suppose 0 = -i - n*o - 34, 5*i + o + 73 = -1. What is the units digit of 6/21*-1 - 1698/i?
1
Let i be 42/(-112) - 3/(-8). Suppose i = -s - 5*x + 4*x + 1157, 4*x + 12 = 0. What is the units digit of s?
0
Suppose 3*a = -23*a + 122106 - 23228. What is the tens digit of a?
0
What is the thousands digit of (0 - (-580)/3)/(27/(-16929)*-38)?
3
Let c be 1986*((-1)/(6/(-9)))/3. Let g = 1430 - c. What is the units digit of g?
7
Let b be (-32)/6*(-18)/4. Let m = 27 - b. Suppose m*n - 2*a - 19 = -3*a, -3*n + 13 = -5*a. What is the units digit of n?
6
Let t = 131 - -1229. Suppose 4*l + t = 3356. What is the units digit of l?
9
Let r = 18487 + -15953. What is the tens digit of r?
3
What is the ten thousands digit of 28/(-8)*1*439800/(-140)?
1
Let j = 2081 - 1991. What is the units digit of j?
0
Let o(t) = 41*t**2 - 2*t - 2. Let l(a) = 40*a**2 - 2*a - 1. Let m(w) = -4*l(w) + 5*o(w). Suppose -21*g + 23 - 103 = 19*g. What is the units digit of m(g)?
8
What is the units digit of ((-2441)/(-3))/(3/9) - 27/(-9)?
4
Let c(z) = 22*z**3 - 3*z**2 - 3*z + 3. Let y be c(-3). Let b be (-4)/(-7) - (-21816)/1414. What is the units digit of (y/(-6))/(-7)*b/(-4)?
8
Suppose -74*l - 113562 = -515308. What is the hundreds digit of l?
4
Suppose 20*y = 256939 + 563919 - 157098. What is the units digit of y?
8
Suppose 4*h - 35076 = -8716. What is the thousands digit of h?
6
What is the thousands digit of (20/320 - (-507448)/128)*(-52)/(-6)?
4
Suppose 48702 = 25*g - 241973. What is the hundreds digit of g?
6
Let l(p) = -2*p**3 + 47*p**2 - 3*p - 280. What is the tens digit of l(22)?
0
Suppose 0 = -4*a + 16 - 40. Let w(d) = -d**3 - 4*d**2 + 6*d + 12. Let y be w(a). Suppose -y + 8 = -5*m. What is the units digit of m?
8
Suppose 0 = s - 2 - 3, 2*x = 4*s + 392. Let n = 87 - x. What is the units digit of 4*3/(-54) + n/(-9)?
3
Suppose 21526 + 814444 = 43*z - 26739. What is the units digit of z?
3
Suppose -11*c + 2*d = -6*c - 12, c + d = 8. Let t = 36 - 70. What is the tens digit of (-5 + t/c)*-2?
2
Let w(q) = 76*q**2 - q + 1. Let n be w(1). Let c be (41/9*3 + -9)*3. Let x = n + c. What is the units digit of x?
0
Suppose -28*q + 270962 - 27134 = 50*q. What is the tens digit of q?
2
Let d(w) = 15*w**3 - 8*w**2 - 43*w + 306. What is the units digit of d(8)?
0
Let d = -5677 + 8446. Suppose d + 1407 = 9*m. What is the tens digit of m?
6
Suppose 0 = -482*m + 492*m - 34240. Suppose 46*n - m = 29190. What is the hundreds digit of n?
7
What is the thousands digit of (10502 - -1)/((-4)/2 - 7/(-2))?
7
Let s be 20/(-20) + 14*(1 + 0). Let u = 252 + s. What is the hundreds digit of u?
2
Suppose -3*y = 4*h - 119, -3*h + 6*h - 5*y - 82 = 0. Let s = h - 25. Suppose -s*g = -66 - 94. What is the tens digit of g?
4
What is the hundreds digit of (2942/(-8))/(4 - 3*482/360)?
0
Suppose 23*b + 31 = 77. Suppose 3*d - 4 = -n + 772, -d + b*n + 268 = 0. What is the units digit of d?
0
Suppose 25*o + 4*b = 27*o + 162, 4*b + 99 = -o. Let m be (4/(-3))/(4/(-498)). Let a = m + o. What is the units digit of a?
9
Suppose 16*s + 4*s - 1940 = 0. Let c = s + 231. What is the units digit of c?
8
Let b = -32 - -34. Suppose b*t = -3*h + 4, 5*h + 0*h = 4*t + 36. Suppose 2*d - 624 = -h*d. What is the tens digit of d?
0
Let c(k) = 11*k**2 + 99*k + 30. What is the units digit of c(35)?
0
Suppose -6*m - 2*k + 41720 = 0, 4*m + 4*k + k - 27817 = 0. What is the hundreds digit of m?
9
Suppose -2*l + 195 - 199 = 0. Let n be 24/20*(-5)/l. Suppose -n*s = -4*y - 252, -2*y + 0*y - 6 = 0. What is the tens digit of s?
8
Let w be (5*6)/(-5) - -3. Let k = w + -12. What is the units digit of 5/(k/2)*-90?
0
Let q(u) = 6*u**2 + 6*u - 2. Let b be q(8). Let k = -241 + b. Let f = k - 133. What is the tens digit of f?
5
Let f(w) = -52*w + 1. Suppose -43*l + 40*l + 3 = 0. Let h be f(l). What is the tens digit of (h/(-9) - 5)*(37 + -1)?
2
Suppose 0 = 36*f - 6*f - 637440. What is the tens digit of f?
4
Suppose 79 = 2*c - 3*r, 0*r = 5*c - 5*r - 195. What is the units digit of (225/18)/(((-7)/c)/(-7))?
5
Suppose -h - 2*h + 2425 = -4*n, h + 2*n - 805 = 0. Let o = 1220 - h. What is the units digit of o?
3
Let h(g) be the first derivative of g**4/2 + 11*g**3/3 - 7*g**2/2 - 3*g + 9. Let w be h(-6). What is the units digit of w + (84 - (-6 + 4))?
9
Let j = -3980 - -14565. What is the ten thousands digit of j?
1
Suppose l - 2*g - 4920 = 0, 2*l - 3*g - 2977 = 6859. What is the thousands digit of l?
4
What is the tens digit of (11/((-220)/(-175)) + -5)*222*46?
9
Let l be ((-12)/(-8))/3*(2 + 2). Let s be (4/(-2 - l))/((-1)/2). Suppose 0 = 5*b + 5*h - 390, -b + 112 = s*h + 29. What is the tens digit of b?
7
Let j = 89 - 280. Let f = 52 - j. What is the units digit of f?
3
Suppose -10*i + 113 = -227. Suppose 3*a = -4*l + 3689, -l = 29 - i. What is the hundreds digit of a?
2
Suppose -3*g + 244 = -404. Suppose 3*f = 7*f - g. Let l = 97 - f. What is the units digit of l?
3
Suppose -x = -3*a - 4, -12 = -3*x - 4*a + 9*a. What is the units digit of (9 + (-20)/(-4))*x?
6
Let b(f) = 11*f + 2. Let p be b(3). Suppose 6*y = 14*y. Suppose y = m - p - 0. What is the tens digit of m?
3
Suppose 0*c + c + s - 7 = 0, -2*c = 5*s - 29. Let v be 0/(c/(-4 + 2)). Suppose 4*o - 4*b - 104 = 2*o, v = -3*o - 5*b + 156. What is the tens digit of o?
5
Suppose -j - 14 - 7 = -5*d, -d = -j - 5. Supp